 = 262. Let z = h - 123. List the prime factors of z.
7
Suppose 0 = 4*w + 3*k - 102444, -21*k - 76823 = -3*w - 22*k. List the prime factors of w.
3, 5, 569
Suppose 3*t - 4 = 92. What are the prime factors of -12*(5 - 552/t)?
3, 7
Let f = -340 + 343. Let r(s) = 5*s**2 + 3*s - 1. Let u be r(-6). Suppose -u = -2*w - 2*w - f*j, -2*j + 166 = 4*w. What are the prime factors of w?
2, 11
Let x be -70 + (1/2)/((-2)/(-4)). Let g = x + 72. What are the prime factors of (4 - (g - 5))/((-6)/(-148))?
2, 37
Let n(s) = s**2 + 10*s + 18. Let i be n(-9). Suppose 28 = f + 30. List the prime factors of (i + 3)*(f + 276/16).
3, 61
Let n(q) = q**2 - 5*q + 2. Let w be 1 + -1 + (-77)/11. Let f be n(w). List the prime factors of (14 + -2)/(-3) + f.
2, 41
Let y be 204/1 + 4/(-20)*0. Suppose s - 3*q - 34 = 0, -4*q + 2*q + y = 5*s. What are the prime factors of s?
2, 5
Suppose 0 = -3*m - 2*v + 8839, -v = 3*m - 7343 - 1491. What are the prime factors of m?
3, 109
Let u(t) = -t**3 - 7*t**2 + 2*t - 22. Let v be u(-8). Suppose -5*b = -49 - 136. Let l = b - v. What are the prime factors of l?
11
Let g be (2 + -5)*16/(-12). Suppose r + 0*r - 4 = 2*t, r - g*t = 4. Suppose r*s - 76 = l, -5*s + 118 = -l + 22. What are the prime factors of s?
2, 5
Let r = -160 + 170. Suppose r*p = -2245 + 8415. List the prime factors of p.
617
Let s(y) = y**3 - 19*y**2 - 92*y + 2. Let t be s(23). Suppose -8*v - 661 = -13*v - t*i, 5*i = -v + 123. What are the prime factors of v?
7, 19
Let f = -82 - -87. Suppose 5*j - 35 = f*o, -6*o = 5*j - 4*o. Suppose 7*m - 360 = -j*d + 2*m, 522 = 3*d + 3*m. What are the prime factors of d?
2, 5, 17
Let j(d) = 44*d**2 + 34*d + 261. List the prime factors of j(-7).
2179
Let d(p) = 50*p - 148. Let i be d(3). Suppose 432 = -0*f + i*f. List the prime factors of f.
2, 3
Let x(u) = 4602*u**2 + 6*u + 1. What are the prime factors of x(1)?
11, 419
Suppose 5*b + 0*b = 355. Suppose 5*s - 6*s = 2*z - 132, 4*z = -8. Let l = s - b. What are the prime factors of l?
5, 13
Let p(m) = 110*m - 106. What are the prime factors of p(156)?
2, 8527
Let c be (5/15 + (-116)/24)*146. Let o = 1360 + c. List the prime factors of o.
19, 37
Let p = -9339 - -18429. What are the prime factors of p?
2, 3, 5, 101
Let y(o) = 166*o**2 - 2*o. Let k be 2*25/(-175)*7/(-2). List the prime factors of y(k).
2, 41
Suppose s + 1 = 3. Suppose s*x = 2559 + 563. List the prime factors of x/(-7)*(-1)/1.
223
Suppose -2512 = -s + 338. Suppose -3*i + s = 3*t, -i + 2 = -3. List the prime factors of t.
3, 5, 7
Suppose -47*z + 1049121 = -1114900. List the prime factors of z.
41, 1123
Suppose 239*u + 17119 = 241*u + 1489. List the prime factors of u.
3, 5, 521
Let h = -7842 - -13711. What are the prime factors of h?
5869
Let k(s) = -s**3 + 4*s**2 + 13*s - 1. Let y be k(6). Suppose -3*w + 4557 = 5*p - y*w, 0 = -2*p + 2*w + 1824. List the prime factors of p.
911
Suppose 121*b + 959 = 114*b. Let n = 308 + b. List the prime factors of n.
3, 19
Let j(c) = c**2 + 19*c - 1. Suppose 0 = -3*n + 3*m - 5*m + 116, 0 = 2*m + 10. Let k = n + -65. What are the prime factors of j(k)?
7, 13
Let u(b) = 2 + 2*b - 13 - 4*b. Let q be u(-7). Suppose s - 13 = -q*j + 13, -5*j = -2*s + 85. List the prime factors of s.
5, 7
Let s(q) = -1914*q - 3778. What are the prime factors of s(-5)?
2, 181
Suppose -6 = -309*h + 312*h. Let c(x) = 130*x**2 - x. What are the prime factors of c(h)?
2, 3, 29
Let i(d) = 444*d + 261. List the prime factors of i(16).
3, 5, 491
Suppose -2*c - 9252 - 5565 = -m, 4*m - 59284 = 4*c. What are the prime factors of m?
5, 593
Suppose 2*x + 6*x = 272. Suppose -11*z + 1002 = x. What are the prime factors of z?
2, 11
Suppose o - 2*t = 0, 0*t - 4*t = -o. Let p = 722 - 718. Suppose p*h = -o*h + 408. List the prime factors of h.
2, 3, 17
Suppose 38569*u = 38561*u + 623968. List the prime factors of u.
2, 17, 31, 37
Suppose 5*v + 182 = 282. What are the prime factors of (2264/v)/(2*1/5)?
283
List the prime factors of 16/16*(10 + 16108).
2, 8059
Let b(n) = 48*n**3 - 24*n**2 + 6*n - 77. What are the prime factors of b(8)?
23011
Suppose -43*d - 80 = -3*d. List the prime factors of (-43*(-1 + d) - -1) + -3.
127
Suppose -30*r - 32 = -22*r. List the prime factors of (-733538)/(-445) - r/(-10).
2, 103
Let n be (-2078)/4*(-1 + -2)*2. Suppose n = 7*l - 495. What are the prime factors of l?
2, 3, 43
Let m be (-4)/18 - 695/(-9). Let j = -106 - -115. Suppose -j*r + 85 + m = 0. List the prime factors of r.
2, 3
Let i(f) = f**2 + f + 1. Let q(a) = -14*a**2 - 7*a + 3. Let g(j) = -6*i(j) - q(j). Let y = -45 - -49. What are the prime factors of g(y)?
3, 41
Suppose 0*d - d = 0. Suppose d = 2*o + 10 - 0. What are the prime factors of 11*(-1 - 1)/(o/20)?
2, 11
What are the prime factors of (-70)/21*3 - -284?
2, 137
Let u = 7647 - 2718. What are the prime factors of u?
3, 31, 53
Let o(t) = -4*t**3 - 37*t**2 + 20*t + 35. Let q(v) = -6*v**3 - 54*v**2 + 30*v + 53. Let r(x) = -7*o(x) + 5*q(x). List the prime factors of r(-9).
7, 71
Let v be 30 + -34 - 265/(2/2). Let c = v - -601. What are the prime factors of c?
2, 83
What are the prime factors of 130033/(-68)*(2 - 6)?
7649
Suppose 0 = 20*l - 29*l + 36. Suppose -l*z = 3*p - 4396, -z + 4*z = 2*p + 3280. List the prime factors of z.
2, 137
Suppose 3*o - 4*s = 1636, 2*s + 5 = 3*s. Let p = -304 + o. Suppose -p = -3*h + 2*b, -2*h - 2*b + 6*b + 152 = 0. List the prime factors of h.
2, 43
Let v = -25 + 36. Suppose o + 8 = v. Suppose -274 = -2*x + o*g, 3*x = 4*g + 9 + 403. What are the prime factors of x?
2, 5, 7
Suppose -15*p = -18018 - 2037. Suppose 5*g = 3*i - 4021, 0*g - g - p = -i. Suppose -i = -5*o + 178. List the prime factors of o.
2, 151
Suppose -4*z + 9*z + 5 = 0. Let r be ((-3460)/(-40))/(z/(-4)). Suppose r - 91 = 5*h. What are the prime factors of h?
3, 17
Let u be ((-16)/56 + (-9432)/14)/(-2). Suppose u = -p + 351. List the prime factors of p.
2, 7
Let j = 11913 + -1651. List the prime factors of j.
2, 7, 733
Let j be (1/(-2))/((-3)/18). Let z(k) = 4 - 5*k - 4*k**3 + j + 0*k**3 + 3*k**3 - 7*k**2. What are the prime factors of z(-7)?
2, 3, 7
Let d be 0*(-3)/(-10 + -8). Suppose -34*o + 15888 + 35554 = d. What are the prime factors of o?
17, 89
Let j = -135 + -139. Let t = j + 345. What are the prime factors of t?
71
Suppose 3*y - 65845 = 5*y - 7*y. What are the prime factors of y?
13, 1013
Let j(l) = -l**3 - 10*l**2 - 43*l - 91. List the prime factors of j(-15).
23, 73
Let o(x) = 15*x - 5. Let q(c) = -c + 26. Let k be q(22). Let w be o(k). Suppose 0 = -3*v + 12, -m - v + w = -36. What are the prime factors of m?
3, 29
Suppose 4*f = -4*v - 1244, -795 - 431 = 4*f - 5*v. Let m = f - -347. What are the prime factors of m?
2, 19
Let i(v) = 2123*v**2 - 49*v - 4. What are the prime factors of i(5)?
2, 61, 433
Let c(i) = 8*i**2 + 6*i + 3. Let y = -103 + 110. What are the prime factors of c(y)?
19, 23
Suppose 4*v - 42 = 6*v. Let c be (-1 + v/6)*-6. List the prime factors of c/18 - (-34)/4.
2, 5
Let z(t) be the third derivative of 0*t**3 - 1/4*t**4 + 1/60*t**5 + 0*t + 0 + 9*t**2. What are the prime factors of z(8)?
2
Let n(q) = 10*q - 169. Suppose 4*r + l - 100 = 0, -5*r = -4*r + 5*l - 6. List the prime factors of n(r).
7, 13
Suppose 0 = 3*z - 43 - 368. Let d = -98 + z. What are the prime factors of (-26)/d*(-141)/2?
47
Let x be 1 - (-16 + (12 - 8)). Let p(i) = 100*i - 101. What are the prime factors of p(x)?
11, 109
Let a be (-450)/60*(-2)/(-3). Let g(v) = -286*v - 42. List the prime factors of g(a).
2, 347
Let a(d) = -10*d**3 + d**2 - 9*d + 4. What are the prime factors of a(-7)?
2, 3, 197
Let r = -408 - -57. Let y = r + 387. List the prime factors of y.
2, 3
Let w = 546 + 308. Suppose -13*h - 295 + w = 0. What are the prime factors of h?
43
Let s(l) = 11*l - 3. Let o be s(2). Let f be (74/(-5))/(292/(-3650)). Let v = f - o. List the prime factors of v.
2, 83
Suppose 4*c + 0*a - 2*a = 12, 0 = -4*a + 16. Let i(b) = 0 - 18 + b - 7*b - c*b. List the prime factors of i(-5).
37
Let i(b) = -2*b**2 + 6*b + 25. Let n be i(5). What are the prime factors of (275/n - 8) + 6?
53
Let i(f) = -12*f + 33. Let n(b) = -2*b**2 + 16*b + 7. Let g be n(9). What are the prime factors of i(g)?
3, 5, 11
Suppose 3*v - 2*g + 52576 = 4*v, 12*g - 52586 = -v. List the prime factors of v.
2, 97, 271
Let w(s) = s**3 - 10*s**2 - s + 13.